{"id":3086,"date":"2025-03-01T17:06:10","date_gmt":"2025-03-01T17:06:10","guid":{"rendered":"https:\/\/roulottesgagnon.com\/boutique\/?post_type=product&#038;p=3086"},"modified":"2025-05-15T20:42:52","modified_gmt":"2025-05-15T20:42:52","slug":"cuisinette-camping-kuma-busy-bear-camp-kitchen","status":"publish","type":"product","link":"https:\/\/roulottesgagnon.com\/boutique\/produit\/cuisinette-camping-kuma-busy-bear-camp-kitchen\/","title":{"rendered":"Cuisinette Camping Kuma Busy Bear Camp Kitchen"},"content":{"rendered":"<p>La cuisinette de camping Kuma Busy Bear Camp Kitchen est la synth\u00e9tisation des besoins pratiques de notre propre cuisine. La cuisinette poss\u00e8de une grande tablette de chaque c\u00f4t\u00e9 ainsi que le centre pour recevoir un appareil de cuisson. De plus, il y a un pare-vent pour r\u00e9duire l&rsquo;impact sur le br\u00fbleur de votre appareil ainsi que deux extensions de tissus r\u00e9sistants s&rsquo;accrochant aux deux grandes tablettes. Cela permet de rajouter 4 tablettes suppl\u00e9mentaires et ainsi gagner de pr\u00e9cieux espaces. Le tout est repliable sur lui-m\u00eame facilement et se range dans un sac de transport au format \u00e9quivalent le la cuisini\u00e8re ferm\u00e9e.<\/p>\n<p>Aux amateurs de la bonne bouffe maison: \u00e0 vos couteaux!<\/p>\n<p>&nbsp;<\/p>\n<p>Sp\u00e9cifications:<\/p>\n<ul>\n<li>Dimension surface d&rsquo;une tablette : 23 &raquo; x 14.5  &raquo; (59 cm x 36 cm) &amp; capacit\u00e9 : 22.5 lbs<\/li>\n<li>Dimension surface l&rsquo;espace centrale (avec le pare-vent) : 24.5 &raquo; x 16 &raquo; (62 cm x 41 cm) &amp; Capacit\u00e9 : 45 lbs<\/li>\n<li>Capacit\u00e9 de l&rsquo;extensions de tissus : 18 lbs<\/li>\n<li>Poids total : 23.5 lbs<\/li>\n<\/ul>\n","protected":false},"excerpt":{"rendered":"<p>La cuisinette de camping Kuma Busy Bear Camp Kitchen est la synth\u00e9tisation des besoins pratiques de notre propre cuisine disposant de 7 espaces.<\/p>\n","protected":false},"featured_media":3088,"comment_status":"open","ping_status":"closed","template":"","meta":[],"product_cat":[61,48],"product_tag":[69],"yoast_head":"<!-- This site is optimized with the Yoast SEO plugin v19.3 - https:\/\/yoast.com\/wordpress\/plugins\/seo\/ -->\n<title>Cuisinette Camping Kuma Busy Bear Camp Kitchen - Boutique en ligne de Roulottes Gagnon<\/title>\n<meta name=\"description\" content=\"La cuisinette de camping Kuma Busy Bear Camp Kitchen est la synth\u00e9tisation des besoins pratiques de notre propre cuisine.\" \/>\n<meta name=\"robots\" content=\"index, follow, max-snippet:-1, max-image-preview:large, max-video-preview:-1\" \/>\n<link rel=\"canonical\" href=\"https:\/\/roulottesgagnon.com\/boutique\/produit\/cuisinette-camping-kuma-busy-bear-camp-kitchen\/\" \/>\n<meta property=\"og:locale\" content=\"fr_CA\" \/>\n<meta property=\"og:type\" content=\"article\" \/>\n<meta property=\"og:title\" content=\"Cuisinette Camping Kuma Busy Bear Camp Kitchen - Boutique en ligne de Roulottes Gagnon\" \/>\n<meta property=\"og:description\" content=\"La cuisinette de camping Kuma Busy Bear Camp Kitchen est la synth\u00e9tisation des besoins pratiques de notre propre cuisine.\" \/>\n<meta property=\"og:url\" content=\"https:\/\/roulottesgagnon.com\/boutique\/produit\/cuisinette-camping-kuma-busy-bear-camp-kitchen\/\" \/>\n<meta property=\"og:site_name\" content=\"Boutique en ligne de Roulottes Gagnon\" \/>\n<meta property=\"article:publisher\" content=\"https:\/\/www.facebook.com\/RoulottesGagnon\" \/>\n<meta property=\"article:modified_time\" content=\"2025-05-15T20:42:52+00:00\" \/>\n<meta property=\"og:image\" content=\"https:\/\/roulottesgagnon.com\/boutique\/wp-content\/uploads\/2025\/03\/200504100411.jpg\" \/>\n\t<meta property=\"og:image:width\" content=\"1120\" \/>\n\t<meta property=\"og:image:height\" content=\"1120\" \/>\n\t<meta property=\"og:image:type\" content=\"image\/jpeg\" \/>\n<meta name=\"twitter:card\" content=\"summary_large_image\" \/>\n<meta name=\"twitter:site\" content=\"@roulottesg\" \/>\n<meta name=\"twitter:label1\" content=\"Estimation du temps de lecture\" \/>\n\t<meta name=\"twitter:data1\" content=\"1 minute\" \/>\n<script type=\"application\/ld+json\" class=\"yoast-schema-graph\">{\"@context\":\"https:\/\/schema.org\",\"@graph\":[{\"@type\":\"WebSite\",\"@id\":\"https:\/\/roulottesgagnon.com\/boutique\/#website\",\"url\":\"https:\/\/roulottesgagnon.com\/boutique\/\",\"name\":\"Boutique en ligne de Roulottes Gagnon\",\"description\":\"Pi\u00e8ces et accessoires de roulottes\",\"potentialAction\":[{\"@type\":\"SearchAction\",\"target\":{\"@type\":\"EntryPoint\",\"urlTemplate\":\"https:\/\/roulottesgagnon.com\/boutique\/?s={search_term_string}\"},\"query-input\":\"required name=search_term_string\"}],\"inLanguage\":\"fr-CA\"},{\"@type\":\"ImageObject\",\"inLanguage\":\"fr-CA\",\"@id\":\"https:\/\/roulottesgagnon.com\/boutique\/produit\/cuisinette-camping-kuma-busy-bear-camp-kitchen\/#primaryimage\",\"url\":\"https:\/\/roulottesgagnon.com\/boutique\/wp-content\/uploads\/2025\/03\/200504100411.jpg\",\"contentUrl\":\"https:\/\/roulottesgagnon.com\/boutique\/wp-content\/uploads\/2025\/03\/200504100411.jpg\",\"width\":1120,\"height\":1120},{\"@type\":\"WebPage\",\"@id\":\"https:\/\/roulottesgagnon.com\/boutique\/produit\/cuisinette-camping-kuma-busy-bear-camp-kitchen\/\",\"url\":\"https:\/\/roulottesgagnon.com\/boutique\/produit\/cuisinette-camping-kuma-busy-bear-camp-kitchen\/\",\"name\":\"Cuisinette Camping Kuma Busy Bear Camp Kitchen - Boutique en ligne de Roulottes Gagnon\",\"isPartOf\":{\"@id\":\"https:\/\/roulottesgagnon.com\/boutique\/#website\"},\"primaryImageOfPage\":{\"@id\":\"https:\/\/roulottesgagnon.com\/boutique\/produit\/cuisinette-camping-kuma-busy-bear-camp-kitchen\/#primaryimage\"},\"datePublished\":\"2025-03-01T17:06:10+00:00\",\"dateModified\":\"2025-05-15T20:42:52+00:00\",\"description\":\"La cuisinette de camping Kuma Busy Bear Camp Kitchen est la synth\u00e9tisation des besoins pratiques de notre propre cuisine.\",\"breadcrumb\":{\"@id\":\"https:\/\/roulottesgagnon.com\/boutique\/produit\/cuisinette-camping-kuma-busy-bear-camp-kitchen\/#breadcrumb\"},\"inLanguage\":\"fr-CA\",\"potentialAction\":[{\"@type\":\"ReadAction\",\"target\":[\"https:\/\/roulottesgagnon.com\/boutique\/produit\/cuisinette-camping-kuma-busy-bear-camp-kitchen\/\"]}]},{\"@type\":\"BreadcrumbList\",\"@id\":\"https:\/\/roulottesgagnon.com\/boutique\/produit\/cuisinette-camping-kuma-busy-bear-camp-kitchen\/#breadcrumb\",\"itemListElement\":[{\"@type\":\"ListItem\",\"position\":1,\"name\":\"Home\",\"item\":\"https:\/\/roulottesgagnon.com\/boutique\/\"},{\"@type\":\"ListItem\",\"position\":2,\"name\":\"Boutique en ligne\",\"item\":\"https:\/\/roulottesgagnon.com\/boutique\/\"},{\"@type\":\"ListItem\",\"position\":3,\"name\":\"Cuisinette Camping Kuma Busy Bear Camp Kitchen\"}]}]}<\/script>\n<!-- \/ Yoast SEO plugin. -->","yoast_head_json":{"title":"Cuisinette Camping Kuma Busy Bear Camp Kitchen - Boutique en ligne de Roulottes Gagnon","description":"La cuisinette de camping Kuma Busy Bear Camp Kitchen est la synth\u00e9tisation des besoins pratiques de notre propre cuisine.","robots":{"index":"index","follow":"follow","max-snippet":"max-snippet:-1","max-image-preview":"max-image-preview:large","max-video-preview":"max-video-preview:-1"},"canonical":"https:\/\/roulottesgagnon.com\/boutique\/produit\/cuisinette-camping-kuma-busy-bear-camp-kitchen\/","og_locale":"fr_CA","og_type":"article","og_title":"Cuisinette Camping Kuma Busy Bear Camp Kitchen - Boutique en ligne de Roulottes Gagnon","og_description":"La cuisinette de camping Kuma Busy Bear Camp Kitchen est la synth\u00e9tisation des besoins pratiques de notre propre cuisine.","og_url":"https:\/\/roulottesgagnon.com\/boutique\/produit\/cuisinette-camping-kuma-busy-bear-camp-kitchen\/","og_site_name":"Boutique en ligne de Roulottes Gagnon","article_publisher":"https:\/\/www.facebook.com\/RoulottesGagnon","article_modified_time":"2025-05-15T20:42:52+00:00","og_image":[{"width":1120,"height":1120,"url":"https:\/\/roulottesgagnon.com\/boutique\/wp-content\/uploads\/2025\/03\/200504100411.jpg","type":"image\/jpeg"}],"twitter_card":"summary_large_image","twitter_site":"@roulottesg","twitter_misc":{"Estimation du temps de lecture":"1 minute"},"schema":{"@context":"https:\/\/schema.org","@graph":[{"@type":"WebSite","@id":"https:\/\/roulottesgagnon.com\/boutique\/#website","url":"https:\/\/roulottesgagnon.com\/boutique\/","name":"Boutique en ligne de Roulottes Gagnon","description":"Pi\u00e8ces et accessoires de roulottes","potentialAction":[{"@type":"SearchAction","target":{"@type":"EntryPoint","urlTemplate":"https:\/\/roulottesgagnon.com\/boutique\/?s={search_term_string}"},"query-input":"required name=search_term_string"}],"inLanguage":"fr-CA"},{"@type":"ImageObject","inLanguage":"fr-CA","@id":"https:\/\/roulottesgagnon.com\/boutique\/produit\/cuisinette-camping-kuma-busy-bear-camp-kitchen\/#primaryimage","url":"https:\/\/roulottesgagnon.com\/boutique\/wp-content\/uploads\/2025\/03\/200504100411.jpg","contentUrl":"https:\/\/roulottesgagnon.com\/boutique\/wp-content\/uploads\/2025\/03\/200504100411.jpg","width":1120,"height":1120},{"@type":"WebPage","@id":"https:\/\/roulottesgagnon.com\/boutique\/produit\/cuisinette-camping-kuma-busy-bear-camp-kitchen\/","url":"https:\/\/roulottesgagnon.com\/boutique\/produit\/cuisinette-camping-kuma-busy-bear-camp-kitchen\/","name":"Cuisinette Camping Kuma Busy Bear Camp Kitchen - Boutique en ligne de Roulottes Gagnon","isPartOf":{"@id":"https:\/\/roulottesgagnon.com\/boutique\/#website"},"primaryImageOfPage":{"@id":"https:\/\/roulottesgagnon.com\/boutique\/produit\/cuisinette-camping-kuma-busy-bear-camp-kitchen\/#primaryimage"},"datePublished":"2025-03-01T17:06:10+00:00","dateModified":"2025-05-15T20:42:52+00:00","description":"La cuisinette de camping Kuma Busy Bear Camp Kitchen est la synth\u00e9tisation des besoins pratiques de notre propre cuisine.","breadcrumb":{"@id":"https:\/\/roulottesgagnon.com\/boutique\/produit\/cuisinette-camping-kuma-busy-bear-camp-kitchen\/#breadcrumb"},"inLanguage":"fr-CA","potentialAction":[{"@type":"ReadAction","target":["https:\/\/roulottesgagnon.com\/boutique\/produit\/cuisinette-camping-kuma-busy-bear-camp-kitchen\/"]}]},{"@type":"BreadcrumbList","@id":"https:\/\/roulottesgagnon.com\/boutique\/produit\/cuisinette-camping-kuma-busy-bear-camp-kitchen\/#breadcrumb","itemListElement":[{"@type":"ListItem","position":1,"name":"Home","item":"https:\/\/roulottesgagnon.com\/boutique\/"},{"@type":"ListItem","position":2,"name":"Boutique en ligne","item":"https:\/\/roulottesgagnon.com\/boutique\/"},{"@type":"ListItem","position":3,"name":"Cuisinette Camping Kuma Busy Bear Camp Kitchen"}]}]}},"_links":{"self":[{"href":"https:\/\/roulottesgagnon.com\/boutique\/wp-json\/wp\/v2\/product\/3086"}],"collection":[{"href":"https:\/\/roulottesgagnon.com\/boutique\/wp-json\/wp\/v2\/product"}],"about":[{"href":"https:\/\/roulottesgagnon.com\/boutique\/wp-json\/wp\/v2\/types\/product"}],"replies":[{"embeddable":true,"href":"https:\/\/roulottesgagnon.com\/boutique\/wp-json\/wp\/v2\/comments?post=3086"}],"wp:featuredmedia":[{"embeddable":true,"href":"https:\/\/roulottesgagnon.com\/boutique\/wp-json\/wp\/v2\/media\/3088"}],"wp:attachment":[{"href":"https:\/\/roulottesgagnon.com\/boutique\/wp-json\/wp\/v2\/media?parent=3086"}],"wp:term":[{"taxonomy":"product_cat","embeddable":true,"href":"https:\/\/roulottesgagnon.com\/boutique\/wp-json\/wp\/v2\/product_cat?post=3086"},{"taxonomy":"product_tag","embeddable":true,"href":"https:\/\/roulottesgagnon.com\/boutique\/wp-json\/wp\/v2\/product_tag?post=3086"}],"curies":[{"name":"wp","href":"https:\/\/api.w.org\/{rel}","templated":true}]}}